{"id":3809,"date":"2018-09-24T15:10:54","date_gmt":"2018-09-24T22:10:54","guid":{"rendered":"https:\/\/alteritas.net\/pastis\/?page_id=3809"},"modified":"2019-05-02T15:24:39","modified_gmt":"2019-05-02T22:24:39","slug":"adieu-cambridge-%e5%86%8d%e5%88%ab%e5%ba%b7%e6%a1%a5","status":"publish","type":"page","link":"https:\/\/alteritas.net\/pastis\/inventory\/adieu-cambridge-%e5%86%8d%e5%88%ab%e5%ba%b7%e6%a1%a5\/","title":{"rendered":"Adieu to Cambridge < \u518d\u522b\u5eb7\u6865"},"content":{"rendered":"<p>Easily I take my leave<br \/>\nas easily as I have come<br \/>\nand easily now bid adieu<span class=\"Apple-converted-space\"><br \/>\n<\/span>to clouds in the setting sun.<\/p>\n<p>The willows along the river<br \/>\nglow like rows of brides in golden<br \/>\nveils, their shimmer rippling<span class=\"Apple-converted-space\"><br \/>\n<\/span>like waves in my heart.<\/p>\n<p>Rooted in soft mud, waterweeds<br \/>\nfloat up gracefully in the placid<br \/>\ncurrents of the River Cam.<br \/>\nGladly would I waft like them.<span class=\"Apple-converted-space\">\u00a0<\/span><\/p>\n<p>That clear water under the elms<br \/>\nis not a pond but a rainbow<br \/>\ntangled in floating pads<br \/>\nwhich dream of iridescence.<\/p>\n<p>In search of dreams? Take a pole,<br \/>\npunt up to where green is greenest<br \/>\nin a skiff whose hull is full of stars<br \/>\nsinging out their radiance.<\/p>\n<p>But I can\u2019t sing aloud. <span class=\"Apple-converted-space\"><br \/>\n<\/span>The crickets have fallen silent.<br \/>\nThis Cambridge dusk is hushed.<span class=\"Apple-converted-space\"><br \/>\n<\/span>Peace is my parting coda.<\/p>\n<p>So quietly I take my leave,<br \/>\nas quietly as I came.<br \/>\nQuietly I shake my sleeves<br \/>\nto leave the clouds behind.<\/p>\n<p><em style=\"font-size: 1rem;\">[Notes at <a href=\"https:\/\/alteritas.net\/GXL\/?p=4143\">https:\/\/alteritas.net\/GXL\/?p=4143<\/a><\/em><em style=\"font-size: 1rem;\">]<\/em><\/p>\n<p style=\"text-align: center;\">*<\/p>\n<p>\u8f15\u8f15\u7684\u6211\u8d70\u4e86\uff0c<br \/>\n<span style=\"color: #808080;\"><em>Q\u012bng q\u012bng de w\u01d2 z\u01d2ule,<\/em><\/span><br \/>\n\u6b63\u5982\u6211\u8f15\u8f15\u7684\u4f86\uff1b<br \/>\n<em><span style=\"color: #808080;\">zh\u00e8ngr\u00fa w\u01d2 q\u012bng q\u012bng de l\u00e1i;<\/span><\/em><br \/>\n\u6211\u8f15\u8f15\u7684\u62db\u624b\uff0c<br \/>\n<em><span style=\"color: #808080;\">W\u01d2 q\u012bng q\u012bng de zh\u0101osh\u01d2u<\/span><\/em><br \/>\n\u4f5c\u5225\u897f\u5929\u7684\u96f2\u5f69\u3002<br \/>\n<em><span style=\"color: #808080;\">zu\u00f2 bi\u00e9 x\u012bti\u0101n de y\u00fancai.<\/span><\/em><\/p>\n<p>\u90a3\u6cb3\u7554\u7684\u91d1\u67f3\uff0c<br \/>\n<em><span style=\"color: #808080;\">N\u00e0 h\u00e9p\u00e0n de j\u012bn li\u01d4<\/span>,<\/em><br \/>\n\u662f\u5915\u967d\u4e2d\u7684\u65b0\u5a18\uff1b<br \/>\n<em><span style=\"color: #808080;\">sh\u00ec x\u012by\u00e1ng zh\u014dng de x\u012bnni\u00e1ng;<\/span><\/em><br \/>\n\u6ce2\u5149\u88e1\u7684\u8277\u5f71\uff0c<br \/>\n<em><span style=\"color: #808080;\">B\u014dgu\u0101ng l\u01d0 de y\u00e0n y\u01d0ng<\/span><\/em><br \/>\n\u5728\u6211\u7684\u5fc3\u982d\u8569\u6f3e\u3002<br \/>\n<em><span style=\"color: #808080;\">z\u00e0i w\u01d2 de x\u012bnt\u00f3u d\u00e0ngy\u00e0ng.<\/span><\/em><\/p>\n<p>\u8edf\u6ce5\u4e0a\u7684k\uff0c<br \/>\n<span style=\"color: #808080;\"><em>Ru\u01cenn\u00ed sh\u00e0ng de q\u012bng x\u00ecng,<\/em><\/span><span class=\"Apple-converted-space\"><span style=\"color: #808080;\"><em>\u00a0<\/em><\/span><br \/>\n<\/span>\u6cb9\u6cb9\u5730\u5728\u6c34\u5e95\u62db\u6416\uff1b<br \/>\n<span style=\"color: #808080;\"><em>y\u00f3u y\u00f3u d\u00ec z\u00e0i shu\u01d0d\u01d0 zh\u0101oy\u00e1o;<\/em><\/span><br \/>\n\u5728\u5eb7\u6cb3\u7684\u67d4\u6ce2\u88e1\uff0c<br \/>\n<span style=\"color: #808080;\"><em>Z\u00e0i k\u0101ng h\u00e9 de r\u00f3u b\u014d l\u01d0,<\/em><\/span><br \/>\n\u6211\u7518\u5fc3\u505a\u4e00\u689d\u6c34\u8349\uff01<br \/>\n<span style=\"color: #808080;\"><em>w\u01d2 g\u0101nx\u012bn zu\u00f2 y\u012bti\u00e1o shu\u01d0c\u01ceo.<\/em><\/span><\/p>\n<p>\u90a3\u6986\u852d\u4e0b\u7684\u4e00\u6f6d\uff0c<br \/>\n<span style=\"color: #808080;\"><em>N\u00e0 y\u00fa y\u012bn xi\u00e0 de y\u012b t\u00e1<\/em><\/span><br \/>\n\u4e0d\u662f\u6e05\u6cc9\uff0c\u662f\u5929\u4e0a\u8679\uff1b<br \/>\n<em><span style=\"color: #808080;\">B\u00f9sh\u00ec q\u012bngqu\u00e1n, sh\u00ec ti\u0101nsh\u00e0ng h\u00f3ng;<\/span><\/em><br \/>\n\u63c9\u788e\u5728\u6d6e\u85fb\u9593\uff0c<br \/>\n<span style=\"color: #808080;\">R\u00f3u su\u00ec z\u00e0i f\u00faz\u01ceo ji\u0101n<\/span><br \/>\n\u6c89\u6fb1\u8457\u5f69\u8679\u4f3c\u7684\u5922\u3002<br \/>\n<em><span style=\"color: #808080;\">Ch\u00e9ndi\u00e0nzhe c\u01ceih\u00f3ng sh\u00ec de m\u00e8ng<\/span><\/em><\/p>\n<p>\u5c0b\u5922\uff1f\u6490\u4e00\u652f\u9577\u7bd9\uff0c<br \/>\n<span style=\"color: #808080;\"><em>X\u00fan m\u00e8ng? Ch\u0113ng y\u012b zh\u012b zh\u01ceng g\u0101o,<\/em><\/span><span class=\"Apple-converted-space\"><span style=\"color: #808080;\"><em>\u00a0<\/em><\/span><br \/>\n<\/span>\u5411\u9752\u8349\u66f4\u9752\u8655\u6f2b\u6eaf\uff1b<br \/>\n<em><span style=\"color: #808080;\">xi\u00e0ng q\u012bngc\u01ceo g\u00e8ng q\u012bng ch\u00f9 m\u00e0n s\u00f9;<\/span><\/em><br \/>\n\u6eff\u8f09\u4e00\u8239\u661f\u8f1d\uff0c<br \/>\n<span style=\"color: #808080;\"><em>M\u01cen z\u01cei y\u012b chu\u00e1n x\u012bng hu\u012b,<\/em><\/span><br \/>\n\u5728\u661f\u8f1d\u6591\u6595\u88e1\u653e\u6b4c\u3002<br \/>\n<span style=\"color: #808080;\"><em>z\u00e0i x\u012bng hu\u012b b\u0101nl\u00e1n l\u01d0 f\u00e0ngg\u0113.<\/em><\/span><\/p>\n<p>\u4f46\u6211\u4e0d\u80fd\u653e\u6b4c<br \/>\n<span style=\"color: #808080;\"><em>D\u00e0n w\u01d2 b\u00f9n\u00e9ng f\u00e0ngg\u0113\uff0c<\/em><\/span><br \/>\n\u6084\u6084\u662f\u5225\u96e2\u7684\u7b19\u7c2b\uff1b<br \/>\n<em><span style=\"color: #808080;\">Qi\u0101oqi\u0101o sh\u00ec bi\u00e9l\u00ed de sh\u0113ng xi\u0101o;<\/span><\/em><br \/>\n\u590f\u87f2\u4e5f\u70ba\u6211\u6c89\u9ed8\uff0c<br \/>\n<em><span style=\"color: #808080;\">Xi\u00e0 ch\u00f3ng y\u011b w\u00e8i w\u01d2 ch\u00e9nm\u00f2<\/span><\/em><br \/>\n\u6c89\u9ed8\u662f\u4eca\u665a\u7684\u5eb7\u6a4b\uff01<br \/>\n<span style=\"color: #808080;\"><em>Ch\u00e9nm\u00f2 sh\u00ec j\u012bn w\u01cen de k\u0101ngqi\u00e1o<\/em><\/span><\/p>\n<p>\u6084\u6084\u7684\u6211\u8d70\u4e86\uff0c<br \/>\n<em><span style=\"color: #808080;\">Qi\u0101oqi\u0101o de w\u01d2 z\u01d2ule<\/span><\/em><br \/>\n\u6b63\u5982\u6211\u6084\u6084\u7684\u4f86;<br \/>\n<span style=\"color: #808080;\"><em>Zh\u00e8ngr\u00fa w\u01d2 qi\u0101oqi\u0101o de l\u00e1i\uff1b<\/em><\/span><br \/>\n\u6211\u63ee\u4e00\u63ee\u8863\u8896\uff0c<br \/>\n<em><span style=\"color: #808080;\">W\u01d2 hu\u012b y\u012bhu\u012b y\u012b xi\u00f9<\/span><\/em><br \/>\n\u4e0d\u5e36\u8d70\u4e00\u7247\u96f2\u5f69\u3002<br \/>\n<span style=\"color: #808080;\"><em>B\u00f9 d\u00e0i z\u01d2u y\u012bpi\u00e0n y\u00fancai.<\/em><\/span><\/p>\n<!-- AddThis Advanced Settings generic via filter on the_content --><!-- AddThis Share Buttons generic via filter on the_content -->","protected":false},"excerpt":{"rendered":"<p>Easily I take my leave as easily as I have come and easily now bid adieu to clouds in the setting sun. The willows along the river glow like rows of brides in golden veils, their shimmer rippling like waves in my heart. Rooted in soft mud, waterweeds float up gracefully in the placid currents &hellip; <\/p>\n<p class=\"link-more\"><a href=\"https:\/\/alteritas.net\/pastis\/inventory\/adieu-cambridge-%e5%86%8d%e5%88%ab%e5%ba%b7%e6%a1%a5\/\" class=\"more-link\">Continue reading<span class=\"screen-reader-text\"> &#8220;Adieu to Cambridge < \u518d\u522b\u5eb7\u6865\"<\/span><\/a><\/p>\n<p><!-- AddThis Advanced Settings generic via filter on get_the_excerpt --><!-- AddThis Share Buttons generic via filter on get_the_excerpt --><\/p>\n","protected":false},"author":1,"featured_media":0,"parent":3496,"menu_order":0,"comment_status":"closed","ping_status":"closed","template":"","meta":{"footnotes":""},"class_list":["post-3809","page","type-page","status-publish","hentry"],"_links":{"self":[{"href":"https:\/\/alteritas.net\/pastis\/wp-json\/wp\/v2\/pages\/3809","targetHints":{"allow":["GET"]}}],"collection":[{"href":"https:\/\/alteritas.net\/pastis\/wp-json\/wp\/v2\/pages"}],"about":[{"href":"https:\/\/alteritas.net\/pastis\/wp-json\/wp\/v2\/types\/page"}],"author":[{"embeddable":true,"href":"https:\/\/alteritas.net\/pastis\/wp-json\/wp\/v2\/users\/1"}],"replies":[{"embeddable":true,"href":"https:\/\/alteritas.net\/pastis\/wp-json\/wp\/v2\/comments?post=3809"}],"version-history":[{"count":11,"href":"https:\/\/alteritas.net\/pastis\/wp-json\/wp\/v2\/pages\/3809\/revisions"}],"predecessor-version":[{"id":3971,"href":"https:\/\/alteritas.net\/pastis\/wp-json\/wp\/v2\/pages\/3809\/revisions\/3971"}],"up":[{"embeddable":true,"href":"https:\/\/alteritas.net\/pastis\/wp-json\/wp\/v2\/pages\/3496"}],"wp:attachment":[{"href":"https:\/\/alteritas.net\/pastis\/wp-json\/wp\/v2\/media?parent=3809"}],"curies":[{"name":"wp","href":"https:\/\/api.w.org\/{rel}","templated":true}]}}