{"id":3993,"date":"2019-06-04T15:16:47","date_gmt":"2019-06-04T22:16:47","guid":{"rendered":"https:\/\/alteritas.net\/pastis\/?page_id=3993"},"modified":"2019-06-04T15:17:50","modified_gmt":"2019-06-04T22:17:50","slug":"drahtseilkunstler-poems-and-prose-in-german","status":"publish","type":"page","link":"https:\/\/alteritas.net\/pastis\/drahtseilkunstler-poems-and-prose-in-german\/","title":{"rendered":"Drahtseilk\u00fcnstler: Poems in German"},"content":{"rendered":"<p><em><strong>Drahtseilk\u00fcnstler &#8211; Poems in German<\/strong><\/em><\/p>\n<p><a href=\"http:\/\/alteritas.net\/pastis\/inventory\/drahtselkunstler\/\">Drahtseilk\u00fcnstler<\/a><br \/>\n<a href=\"http:\/\/alteritas.net\/pastis\/inventory\/phanomenologie-der-liebe\/\">Ph\u00e4nomenologie der Liebe<\/a><br \/>\n<a href=\"http:\/\/alteritas.net\/pastis\/inventory\/der-respekt\/\">Der Respekt<\/a><br \/>\n<a style=\"font-size: 1rem;\" href=\"http:\/\/alteritas.net\/pastis\/inventory\/wie-lander\/\">Wie L\u00e4nder<\/a><br \/>\n<a style=\"font-size: 1rem;\" href=\"http:\/\/alteritas.net\/pastis\/allgemeine-relativitatstheorie\/\">Allgemeine Relativit\u00e4tstheorie<\/a><br \/>\n<a href=\"http:\/\/alteritas.net\/pastis\/inventory\/zeitverschiebung-berlin\/\">Zeitverschiebung in Berlin<\/a><br \/>\n<a style=\"font-size: 1rem;\" href=\"http:\/\/alteritas.net\/pastis\/inventory\/fahrplan\/\">Fahrplan<\/a><\/p>\n<!-- AddThis Advanced Settings generic via filter on the_content --><!-- AddThis Share Buttons generic via filter on the_content -->","protected":false},"excerpt":{"rendered":"<p>Drahtseilk\u00fcnstler &#8211; Poems in German Drahtseilk\u00fcnstler Ph\u00e4nomenologie der Liebe Der Respekt Wie L\u00e4nder Allgemeine Relativit\u00e4tstheorie Zeitverschiebung in Berlin Fahrplan<!-- AddThis Advanced Settings generic via filter on get_the_excerpt --><!-- AddThis Share Buttons generic via filter on get_the_excerpt --><\/p>\n","protected":false},"author":1,"featured_media":0,"parent":0,"menu_order":0,"comment_status":"closed","ping_status":"closed","template":"","meta":{"footnotes":""},"class_list":["post-3993","page","type-page","status-publish","hentry"],"_links":{"self":[{"href":"https:\/\/alteritas.net\/pastis\/wp-json\/wp\/v2\/pages\/3993","targetHints":{"allow":["GET"]}}],"collection":[{"href":"https:\/\/alteritas.net\/pastis\/wp-json\/wp\/v2\/pages"}],"about":[{"href":"https:\/\/alteritas.net\/pastis\/wp-json\/wp\/v2\/types\/page"}],"author":[{"embeddable":true,"href":"https:\/\/alteritas.net\/pastis\/wp-json\/wp\/v2\/users\/1"}],"replies":[{"embeddable":true,"href":"https:\/\/alteritas.net\/pastis\/wp-json\/wp\/v2\/comments?post=3993"}],"version-history":[{"count":4,"href":"https:\/\/alteritas.net\/pastis\/wp-json\/wp\/v2\/pages\/3993\/revisions"}],"predecessor-version":[{"id":5240,"href":"https:\/\/alteritas.net\/pastis\/wp-json\/wp\/v2\/pages\/3993\/revisions\/5240"}],"wp:attachment":[{"href":"https:\/\/alteritas.net\/pastis\/wp-json\/wp\/v2\/media?parent=3993"}],"curies":[{"name":"wp","href":"https:\/\/api.w.org\/{rel}","templated":true}]}}